 5*q - 2*n, 0 = 4*q - 3*n. Suppose q*i = -8*x + 3*x - 83, -i + 4*x = 5. Let s = i - -28. What is the greatest common divisor of 1 and s?
1
Let o(d) = d**3 - 3*d**2 + d + 6. Let m be o(2). Suppose -4*y = -2*h + 32, h = y + 2*y + 16. What is the greatest common divisor of m and h?
4
Suppose 46*w - 14*w - 29158 - 31802 = 0. Calculate the greatest common factor of 15 and w.
15
Let d be 108/(-60) - (-944)/5. Calculate the highest common factor of d and 119.
17
Let n(j) = -117*j + 84. Let f be n(0). Let t = -51 + 107. Calculate the highest common divisor of f and t.
28
Suppose 291 = 5*j - 294. Let k = j - 85. Let i = 24 + 0. Calculate the greatest common factor of i and k.
8
Let o be (7 + (-168)/(-16))/(5/370). What is the greatest common factor of 35 and o?
35
Suppose 11*r - 16*r - 33*r = -988. Let y(t) = 2*t**3 - 5*t**2 - 2*t + 2. Let w be y(5). Calculate the highest common factor of r and w.
13
Suppose 121*f = 123*f - 82. Suppose -3*z - 2*d + 351 = 0, -3*d - f - 87 = -z. Suppose k + 4*k = 85. Calculate the highest common divisor of k and z.
17
Suppose 4*j + 3*u - 248 - 387 = 0, j - 152 = -3*u. Calculate the greatest common divisor of j and 98.
7
Let t be -1 + 1 - 5*-2. Suppose -3*d - 2*q + 744 = 0, 0 = -2*d + 3*q + 253 + 256. What is the greatest common divisor of d and t?
10
Suppose -4*n - 173 = -9. Let v = 47 + n. Suppose v = 3*c - 0*c. What is the highest common factor of c and 2?
2
Suppose 5*i - 4*g = 886, 2*g - 356 = -2*i + 4*g. Suppose 0 = 9*x - i - 24. Calculate the highest common factor of x and 11.
11
Suppose -5*n - 1068 = -k - k, 0 = 5*n + 3*k + 1073. Let w = n - -241. Suppose -c + 1485 = 4*c. Calculate the greatest common divisor of w and c.
27
Suppose 4*h = -3*q + 189, -325*h + 326*h = 5*q - 269. What is the greatest common factor of q and 635?
5
Suppose -4*m = -10*m + 30. Suppose 2*x + 5 = 13. Suppose d - 23 = m*u, -d - x*u + 41 = -0*u. Calculate the greatest common factor of d and 11.
11
Let a be -3*((-24)/(-9) + -4) - (-180)/10. What is the greatest common divisor of a and 1826?
22
Let a(l) = -36*l - 37. Let t be a(-5). Let d = 85 + t. Calculate the highest common factor of 152 and d.
76
Let m(q) = -49*q + 1008. Let z be m(15). What is the highest common divisor of z and 168?
21
Let i be 10366/142 + 1 + 3. Calculate the greatest common factor of i and 1771.
77
Let y(o) = o**3 + o**2 - o + 108. Let w be 0/(-1)*(-6)/18. Let l be y(w). Let i = 436 + -400. Calculate the greatest common factor of l and i.
36
Suppose 2*m + 103 - 435 = r, -5*m = -3*r - 831. Let y = 247 - m. Let k = y + -81. What is the highest common divisor of 11 and k?
1
Let m be (-77)/(-21) + 26354/6 + -10. Calculate the highest common divisor of m and 86.
86
Let d be 11/(66/156) + 2. Suppose -d = 7*i - 616. What is the greatest common divisor of 147 and i?
21
Suppose 0 = -5*z + 10*z - 2*l - 6742, -4*z + 4*l + 5396 = 0. Suppose 5*g - z - 87 = 0. Calculate the highest common factor of g and 41.
41
Let q(y) = 4040*y + 8088. Let n be q(-2). Let d(b) = 137*b - 1. Let m be d(1). Calculate the greatest common divisor of m and n.
8
Suppose -2*q + 381 = 3*m, -5*m - 1344 = -5*q - 279. Let l = 172 + 168. What is the highest common divisor of l and q?
68
Let l be (45 + -31)*-6*3/(-21). What is the highest common divisor of l and 1804?
4
Let z(n) = -n**2 - 17*n - 28. Let h be z(-9). Let f = -28 + h. What is the highest common divisor of 80 and f?
16
Suppose -4*g + 15874 = -2*s, 4*g = 12*s - 14*s + 15846. What is the greatest common divisor of 130 and g?
65
Suppose n = 4*t - 40, 2*n = 9*t - 4*t - 80. Let m be n/5*(-19 + 1). Calculate the greatest common factor of 36 and m.
36
Suppose -1268*k + 1251*k + 19154 = -6261. Calculate the greatest common factor of k and 10.
5
Suppose -5*y + 85 = -5*t, -y + 140 + 75 = 21*t. Let p be -468*(-1)/(2/3). Calculate the highest common factor of y and p.
26
Let w be (-98)/(-7) - (-56 - -14). Calculate the greatest common factor of w and 973.
7
Let l be (12/(-9))/(4/(-33)). Calculate the highest common factor of 979 and l.
11
Suppose 0 = 36*t - 19*t + 8019 - 22469. Calculate the greatest common divisor of t and 510.
170
Suppose 0 = 496*a - 498*a + 5*o + 51, -a + 24 = -2*o. What is the greatest common divisor of 582 and a?
6
Let z(a) = 0*a + 2*a**3 - 4*a**2 - 6*a**2 + 26*a**2 - 4*a - 20. Let t be z(-8). Calculate the highest common factor of t and 348.
12
Let j(r) = 10*r + 58. Suppose 2*m + 3*m = -2*x - 5, 2 = 2*m. Let b be j(x). What is the greatest common divisor of b and 16?
8
Suppose -16*h = -17*h + 398. Let k = -318 + h. What is the highest common factor of 144 and k?
16
Suppose 4*z = 6*z - 86. Suppose 4*v + 3*n + z = 0, 0*v + v + 3*n + 22 = 0. Let w be 17 + v/((-28)/(-8)). What is the greatest common divisor of w and 135?
15
Suppose 50*v + 54*v = 95*v + 8145. Calculate the greatest common factor of v and 5.
5
Let n be (-20 - (-5827050)/495) + (-2)/(-11). Calculate the highest common divisor of n and 13.
13
Let h = -896 - -3480. Calculate the highest common factor of 19 and h.
19
Let u be (13 - (-8)/(-2))*1. Let t = 9 + u. Let d(b) = b**3 - 7*b**2 - 2*b + 32. Let i be d(7). Calculate the greatest common divisor of t and i.
18
Let b = -2899 + 8958. What is the greatest common divisor of 73 and b?
73
Let f = -1377 + 2289. What is the greatest common divisor of f and 399?
57
Suppose 11*x = 22*x - 5236. Let t = -126 + x. What is the highest common divisor of t and 140?
70
Let d be (-4)/34 + 191120/340 + -22. What is the highest common divisor of 80 and d?
20
Let f(v) = -288*v - 53. Let o be f(-6). What is the greatest common factor of 125 and o?
25
Let w = -92 - -196. Suppose 0 = 7*l - 15 - 6. Suppose -2*y = -l*i - 11, 5*i = -y - 1 + 39. Calculate the highest common divisor of w and y.
13
Let b be 78 + -33 + 15 + 1. Calculate the greatest common factor of b and 7686.
61
Suppose -5*p + 2184 = -426. Let q = 5753 + -5695. Calculate the greatest common factor of p and q.
58
Suppose -36 = 13*a - 16*a. Suppose -5*r - a + 27 = 0. What is the highest common divisor of r and 3?
3
Let a be ((-8)/(-2))/((-2)/(-20)). Suppose 4*p = 13*p. Suppose j = 2*l + 90, j + p*j + 3*l - 115 = 0. What is the greatest common factor of a and j?
20
Let z be -1 - 13/((-156)/684). Calculate the greatest common divisor of z and 2324.
28
Let g be (-12636)/(-720) - 9/30 - (-6)/8. What is the highest common factor of 2313 and g?
9
Let g = 98 + -71. Suppose -40*c + g*c = -1638. Let p be -1 + (1 - 1) + 19. What is the greatest common factor of c and p?
18
Let q(g) = 4*g - 19. Let j be q(7). Let f(a) = a**2 + a - 28. Let i be f(-6). Let u be 260/12 + (i - 15/j). Calculate the greatest common factor of u and 66.
22
Let h(z) = -2*z**2 - 3*z - 2. Let v be h(4). Let o be (-12 - 3/1)*3. Let k = o - v. Calculate the greatest common divisor of 3 and k.
1
Suppose -5*o + 3 = 33. Let k(m) = -17 - 22 + 51 - 5*m. Let h be k(o). What is the greatest common divisor of 14 and h?
14
Let w(d) = -221*d**3 - d**2 - 5*d - 5. Let c(f) = -36*f - 217. Let p be c(-6). Let h be w(p). Let u = 12 - -8. What is the greatest common factor of u and h?
20
Suppose -8*n + 2167 = 6*n - 3993. Calculate the greatest common factor of 770 and n.
110
Let b(s) = s**3 - 8*s**2 + 15*s + 22. Let w be b(7). Calculate the greatest common factor of w and 611.
13
Let a(v) = -v**3 - 15*v**2 + 46*v + 227. Let c be a(-17). Let h(x) = -17*x + 1. Let i be h(-4). Calculate the highest common divisor of i and c.
23
Let c be (-285)/(-228) - 606/(-8). Calculate the greatest common divisor of c and 56.
7
Let m be -2*(6/5)/((-6)/20). Let r be 1/(2/10) - (-10 + m). Let g(w) = w**2 - w - 6. Let u be g(r). Calculate the greatest common divisor of u and 12.
12
Let r be (-4)/14 + (-440)/(-70). Suppose -d - 3*d + 26 = -862. Calculate the highest common divisor of r and d.
6
Let c be (0 - (-4)/5)*-5. Let i be 1/2 - 302/c. Let r(j) = -998*j + 17080. Let u be r(17). Calculate the highest common factor of u and i.
38
Suppose -440 = -283*p + 9465. Calculate the greatest common factor of p and 3395.
35
Suppose 0 = 48146*w - 48120*w - 176670. What is the greatest common factor of w and 225?
45
Let k(t) = -119*t + 187. Let p be k(-67). What is the highest common factor of 102 and p?
102
Let g(l) = l**2 + 14*l - 525. Let z be g(-31). Let y(m) = m**3 - 2